alculate the remainder when 9757207 is divided by 103.
17
What is the remainder when 452991232 is divided by 23?
22
Calculate the remainder when 290574899 is divided by 924.
923
Calculate the remainder when 107465835 is divided by 53732913.
9
Calculate the remainder when 3410061 is divided by 3202.
3133
What is the remainder when 3213822 is divided by 4914?
66
What is the remainder when 14679 is divided by 1465?
29
What is the remainder when 12556870 is divided by 3139198?
78
What is the remainder when 5813171 is divided by 12?
11
What is the remainder when 13769 is divided by 11617?
2152
Calculate the remainder when 4627259 is divided by 1710.
1709
Calculate the remainder when 190947 is divided by 95304.
339
Calculate the remainder when 124806999 is divided by 251627.
7
Calculate the remainder when 2181145 is divided by 15.
10
What is the remainder when 179099228 is divided by 23?
22
Calculate the remainder when 749745 is divided by 32591.
152
What is the remainder when 961094 is divided by 191?
173
What is the remainder when 32997496 is divided by 221?
207
Calculate the remainder when 7970397 is divided by 82.
79
What is the remainder when 253193224 is divided by 6369?
6367
Calculate the remainder when 59642 is divided by 914.
232
What is the remainder when 11701866 is divided by 35353?
23
Calculate the remainder when 555306 is divided by 18.
6
What is the remainder when 3032833 is divided by 118?
115
What is the remainder when 83960221 is divided by 125127?
4
What is the remainder when 32493 is divided by 757?
699
Calculate the remainder when 6049356 is divided by 784.
12
What is the remainder when 422801 is divided by 6503?
106
What is the remainder when 2070396 is divided by 9859?
6
Calculate the remainder when 776102 is divided by 24253.
6
Calculate the remainder when 26158006 is divided by 123.
88
Calculate the remainder when 206297 is divided by 7140.
6377
What is the remainder when 912375 is divided by 50682?
99
What is the remainder when 17901902 is divided by 16?
14
What is the remainder when 2163639 is divided by 389?
21
What is the remainder when 388114 is divided by 403?
25
Calculate the remainder when 652307 is divided by 896.
19
Calculate the remainder when 60078563 is divided by 3452.
3407
Calculate the remainder when 1540962 is divided by 220137.
3
What is the remainder when 501836 is divided by 45620?
16
Calculate the remainder when 401474 is divided by 428.
10
Calculate the remainder when 157478 is divided by 451.
79
What is the remainder when 383574 is divided by 22?
4
What is the remainder when 406492 is divided by 113?
31
What is the remainder when 829979 is divided by 106?
105
Calculate the remainder when 1512204 is divided by 626.
414
Calculate the remainder when 162930 is divided by 421.
3
Calculate the remainder when 692732 is divided by 122.
16
What is the remainder when 56446 is divided by 11210?
396
Calculate the remainder when 13630351 is divided by 984.
967
What is the remainder when 31537528 is divided by 9?
7
Calculate the remainder when 69461 is divided by 1743.
1484
Calculate the remainder when 10658196 is divided by 70.
66
What is the remainder when 2061929 is divided by 390?
389
Calculate the remainder when 22861474 is divided by 181440.
34
What is the remainder when 3872133 is divided by 14341?
63
Calculate the remainder when 75349 is divided by 24781.
1006
Calculate the remainder when 4075472 is divided by 995.
947
Calculate the remainder when 5829287 is divided by 389.
122
What is the remainder when 7514538 is divided by 1878626?
34
What is the remainder when 8922512 is divided by 32?
16
Calculate the remainder when 437188 is divided by 48576.
4
What is the remainder when 42655283 is divided by 189579?
8
What is the remainder when 189788259 is divided by 246?
243
Calculate the remainder when 17915 is divided by 377.
196
What is the remainder when 8442196 is divided by 2814020?
136
Calculate the remainder when 3681595 is divided by 66.
49
Calculate the remainder when 85787919 is divided by 212.
211
What is the remainder when 59500 is divided by 1676?
840
Calculate the remainder when 48216978 is divided by 228.
222
What is the remainder when 10028149 is divided by 563?
556
What is the remainder when 42709 is divided by 3570?
3439
What is the remainder when 205801 is divided by 102852?
97
Calculate the remainder when 8394702 is divided by 21.
15
Calculate the remainder when 164823 is divided by 303.
294
Calculate the remainder when 12096964 is divided by 3024237.
16
What is the remainder when 10996 is divided by 5447?
102
What is the remainder when 151957 is divided by 75267?
1423
Calculate the remainder when 16224 is divided by 4663.
2235
What is the remainder when 110148 is divided by 15626?
766
Calculate the remainder when 19309327 is divided by 84.
79
Calculate the remainder when 100454 is divided by 1778.
886
Calculate the remainder when 86863991 is divided by 12746.
1
Calculate the remainder when 533002 is divided by 4334.
4254
What is the remainder when 2049110 is divided by 2049095?
15
What is the remainder when 153636 is divided by 178?
22
Calculate the remainder when 5505704 is divided by 38.
36
What is the remainder when 5844674 is divided by 1168914?
104
What is the remainder when 1200043 is divided by 901?
812
Calculate the remainder when 790661252 is divided by 14.
10
What is the remainder when 26680664 is divided by 1778?
1774
Calculate the remainder when 44585933 is divided by 39.
2
What is the remainder when 130913808 is divided by 5236552?
8
What is the remainder when 685695 is divided by 2406?
2391
Calculate the remainder when 8474152 is divided by 4237040.
72
What is the remainder when 870457 is divided by 18520?
17
What is the remainder when 79653717 is divided by 1740?
1737
Calculate the remainder when 3145265 is divided by 1544.
137
Calculate the remainder when 5276969 is divided by 39977.
5
What is the remainder when 4735788 is divided by 154?
134
What is the remainder when 6761802 is divided by 157251?
9
Calculate the remainder when 2806456 is divided by 29.
10
Calculate the remainder when 342144 is divided by 1183.
257
What is the remainder when 18369503 is divided by 18369497?
6
What is the remainder when 2075189 is divided by 390?
389
Calculate the remainder when 1117193 is divided by 1396.
393
Calculate the remainder when 61504056 is divided by 14.
12
Calculate the remainder when 26971 is divided by 3817.
252
What is the remainder when 11474135 is divided by 990?
35
Calculate the remainder when 79366115 is divided by 3959.
42
What is the remainder when 3953483533 is divided by 154?
153
Calculate the remainder when 39029 is divided by 3134.
1421
What is the remainder when 38028624 is divided by 5369?
5366
What is the remainder when 255942390 is divided by 2225586?
0
What is the remainder when 380978 is divided by 125938?
3164
Calculate the remainder when 7117382 is divided by 504.
398
Calculate the remainder when 32308730 is divided by 1794929.
8
What is the remainder when 26258 is divided by 1372?
190
Calculate the remainder when 121014 is divided by 8641.
40
What is the remainder when 131727 is divided by 302?
55
Calculate the remainder when 438456 is divided by 6089.
48
Calculate the remainder when 2732533 is divided by 97557.
937
What is the remainder when 1176937 is divided by 98077?
13
What is the remainder when 3108444 is divided by 318?
312
What is the remainder when 92758 is divided by 46276?
206
What is the remainder when 2902380 is divided by 2902038?
342
Calculate the remainder when 1344639 is divided by 1822.
3
Calculate the remainder when 113782 is divided by 34.
18
Calculate the remainder when 223165 is divided by 27893.
21
What is the remainder when 792808 is divided by 792658?
150
Calculate the remainder when 2509481 is divided by 33.
29
Calculate the remainder when 20699748 is divided by 3010.
2988
What is the remainder when 11357 is divided by 456?
413
What is the remainder when 4561418 is divided by 666?
650
What is the remainder when 961933 is divided by 137419?
0
What is the remainder when 678099876 is divided by 141?
138
Calculate the remainder when 819615 is divided by 11.
5
What is the remainder when 7926826 is divided by 1132402?
12
What is the rem